{"id":425,"date":"2021-02-16T11:44:42","date_gmt":"2021-02-16T11:44:42","guid":{"rendered":"https:\/\/demosites.io\/neve-3\/?page_id=46"},"modified":"2026-03-25T12:37:45","modified_gmt":"2026-03-25T15:37:45","slug":"ix-jornadas-de-auditores-internos-de-universidades-nacionales","status":"publish","type":"page","link":"https:\/\/congresos.unr.edu.ar\/jornadasai2026\/","title":{"rendered":"Homepage"},"content":{"rendered":"\n<div class=\"wp-block-cover alignfull is-repeated\" style=\"min-height:600px;aspect-ratio:unset;\"><span aria-hidden=\"true\" class=\"wp-block-cover__background has-background-dim-60 has-background-dim wp-block-cover__gradient-background has-background-gradient\" style=\"background:linear-gradient(135deg,rgb(153,0,119) 0%,rgba(153,0,120,0.83) 49%,rgb(153,0,119) 49%,rgb(153,0,119) 100%)\"><\/span><div role=\"img\" class=\"wp-block-cover__image-background wp-image-140 is-repeated\" style=\"background-position:50% 50%;background-image:url(https:\/\/congresos.unr.edu.ar\/jornadasai2026\/wp-content\/uploads\/sites\/8\/2023\/05\/cropped-IMG_3992-112-scaled-1.jpg)\"><\/div><div class=\"wp-block-cover__inner-container is-layout-flow wp-block-cover-is-layout-flow\">\n<div style=\"height:40px\" aria-hidden=\"true\" class=\"wp-block-spacer\"><\/div>\n\n\n\n<div class=\"wp-block-columns are-vertically-aligned-center is-layout-flex wp-container-core-columns-is-layout-28f84493 wp-block-columns-is-layout-flex\">\n<div class=\"wp-block-column is-vertically-aligned-center is-layout-flow wp-block-column-is-layout-flow\" style=\"flex-basis:100%\">\n<h1 class=\"wp-block-heading has-text-align-center has-nv-site-bg-color has-text-color\" style=\"font-size:56px\">Portal de Congresos UNR<\/h1>\n\n\n\n<div class=\"wp-block-buttons is-layout-flex wp-block-buttons-is-layout-flex\"><\/div>\n<\/div>\n\n\n\n<div class=\"wp-block-column is-vertically-aligned-center is-layout-flow wp-block-column-is-layout-flow\" style=\"flex-basis:30%\">\n<p><\/p>\n<\/div>\n<\/div>\n\n\n\n<div style=\"height:40px\" aria-hidden=\"true\" class=\"wp-block-spacer\"><\/div>\n<\/div><\/div>\n\n\n\n<div style=\"height:40px\" aria-hidden=\"true\" class=\"wp-block-spacer\"><\/div>\n\n\n\n<div class=\"wp-block-columns is-layout-flex wp-container-core-columns-is-layout-28f84493 wp-block-columns-is-layout-flex\">\n<div class=\"wp-block-column is-vertically-aligned-center is-layout-flow wp-block-column-is-layout-flow\"><div class=\"wp-block-image\">\n<figure class=\"aligncenter size-large\"><img fetchpriority=\"high\" decoding=\"async\" width=\"1024\" height=\"683\" src=\"https:\/\/congresos.unr.edu.ar\/jornadasai2026\/wp-content\/uploads\/sites\/8\/2023\/05\/IMG_398211-1024x683.jpg\" alt=\"\" class=\"wp-image-129\" srcset=\"https:\/\/congresos.unr.edu.ar\/jornadasai2026\/wp-content\/uploads\/sites\/8\/2023\/05\/IMG_398211-1024x683.jpg 1024w, https:\/\/congresos.unr.edu.ar\/jornadasai2026\/wp-content\/uploads\/sites\/8\/2023\/05\/IMG_398211-300x200.jpg 300w, https:\/\/congresos.unr.edu.ar\/jornadasai2026\/wp-content\/uploads\/sites\/8\/2023\/05\/IMG_398211-768x512.jpg 768w, https:\/\/congresos.unr.edu.ar\/jornadasai2026\/wp-content\/uploads\/sites\/8\/2023\/05\/IMG_398211-1536x1024.jpg 1536w, https:\/\/congresos.unr.edu.ar\/jornadasai2026\/wp-content\/uploads\/sites\/8\/2023\/05\/IMG_398211-2048x1365.jpg 2048w, https:\/\/congresos.unr.edu.ar\/jornadasai2026\/wp-content\/uploads\/sites\/8\/2023\/05\/IMG_398211-850x567.jpg 850w\" sizes=\"(max-width: 1024px) 100vw, 1024px\" \/><\/figure>\n<\/div><\/div>\n\n\n\n<div class=\"wp-block-column is-vertically-aligned-center is-layout-flow wp-block-column-is-layout-flow\">\n<h2 class=\"wp-block-heading\">Sobre el Portal<\/h2>\n\n\n\n<p>El Portal de Congresos de la UNR es un espacio para dar difusi\u00f3n a los eventos cient\u00edficos y acad\u00e9micos que se organizan desde distintos \u00e1mbitos de nuestra universida<\/p>\n\n\n\n<div class=\"wp-block-buttons alignwide is-layout-flex wp-block-buttons-is-layout-flex\">\n<div class=\"wp-block-button is-style-primary\"><a class=\"wp-block-button__link wp-element-button\">Leer M\u00e1s<\/a><\/div>\n<\/div>\n<\/div>\n<\/div>\n\n\n\n<div style=\"height:20px\" aria-hidden=\"true\" class=\"wp-block-spacer\"><\/div>\n\n\n\n<div class=\"wp-block-columns are-vertically-aligned-top is-layout-flex wp-container-core-columns-is-layout-28f84493 wp-block-columns-is-layout-flex\">\n<div class=\"wp-block-column is-vertically-aligned-top is-layout-flow wp-block-column-is-layout-flow\">\n<figure class=\"wp-block-image size-full\"><img decoding=\"async\" width=\"300\" height=\"300\" src=\"https:\/\/congresos.unr.edu.ar\/jornadasai2026\/wp-content\/uploads\/sites\/8\/2023\/05\/iconos-01.png\" alt=\"\" class=\"wp-image-103\" srcset=\"https:\/\/congresos.unr.edu.ar\/jornadasai2026\/wp-content\/uploads\/sites\/8\/2023\/05\/iconos-01.png 300w, https:\/\/congresos.unr.edu.ar\/jornadasai2026\/wp-content\/uploads\/sites\/8\/2023\/05\/iconos-01-150x150.png 150w\" sizes=\"(max-width: 300px) 100vw, 300px\" \/><\/figure>\n\n\n\n<div style=\"height:16px\" aria-hidden=\"true\" class=\"wp-block-spacer\"><\/div>\n\n\n\n<h3 class=\"wp-block-heading\">Simple<\/h3>\n\n\n\n<p>Lorem ipsum, or lipsum as it is sometimes known, is dummy text used in laying out print, graphic or web designs. <\/p>\n<\/div>\n\n\n\n<div class=\"wp-block-column is-vertically-aligned-top is-layout-flow wp-block-column-is-layout-flow\">\n<figure class=\"wp-block-image size-full\"><img decoding=\"async\" width=\"300\" height=\"300\" src=\"https:\/\/congresos.unr.edu.ar\/jornadasai2026\/wp-content\/uploads\/sites\/8\/2023\/05\/iconos-02.png\" alt=\"\" class=\"wp-image-101\" srcset=\"https:\/\/congresos.unr.edu.ar\/jornadasai2026\/wp-content\/uploads\/sites\/8\/2023\/05\/iconos-02.png 300w, https:\/\/congresos.unr.edu.ar\/jornadasai2026\/wp-content\/uploads\/sites\/8\/2023\/05\/iconos-02-150x150.png 150w\" sizes=\"(max-width: 300px) 100vw, 300px\" \/><\/figure>\n\n\n\n<div style=\"height:16px\" aria-hidden=\"true\" class=\"wp-block-spacer\"><\/div>\n\n\n\n<h3 class=\"wp-block-heading\">Efficient<\/h3>\n\n\n\n<p>Lorem ipsum, or lipsum as it is sometimes known, is dummy text used in laying out print, graphic or web designs. <\/p>\n<\/div>\n\n\n\n<div class=\"wp-block-column is-vertically-aligned-top is-layout-flow wp-block-column-is-layout-flow\">\n<figure class=\"wp-block-image size-full\"><img loading=\"lazy\" decoding=\"async\" width=\"300\" height=\"300\" src=\"https:\/\/congresos.unr.edu.ar\/jornadasai2026\/wp-content\/uploads\/sites\/8\/2023\/05\/iconos-03b.png\" alt=\"\" class=\"wp-image-100\" srcset=\"https:\/\/congresos.unr.edu.ar\/jornadasai2026\/wp-content\/uploads\/sites\/8\/2023\/05\/iconos-03b.png 300w, https:\/\/congresos.unr.edu.ar\/jornadasai2026\/wp-content\/uploads\/sites\/8\/2023\/05\/iconos-03b-150x150.png 150w\" sizes=\"(max-width: 300px) 100vw, 300px\" \/><\/figure>\n\n\n\n<div style=\"height:16px\" aria-hidden=\"true\" class=\"wp-block-spacer\"><\/div>\n\n\n\n<h3 class=\"wp-block-heading\">Design<\/h3>\n\n\n\n<p>Lorem ipsum, or lipsum as it is sometimes known, is dummy text used in laying out print, graphic or web designs.<\/p>\n<\/div>\n<\/div>\n\n\n\n<div style=\"height:40px\" aria-hidden=\"true\" class=\"wp-block-spacer\"><\/div>\n","protected":false},"excerpt":{"rendered":"<p>Sobre el Portal El Portal de Congresos de la UNR es un espacio para dar difusi\u00f3n a los eventos cient\u00edficos y acad\u00e9micos que se organizan desde distintos \u00e1mbitos de nuestra universida Simple Lorem ipsum, or lipsum as it is sometimes known, is dummy text used in laying out print, graphic [&hellip;]<\/p>\n","protected":false},"author":3,"featured_media":1669,"parent":0,"menu_order":0,"comment_status":"closed","ping_status":"closed","template":"","meta":{"_monsterinsights_skip_tracking":false,"_monsterinsights_sitenote_active":false,"_monsterinsights_sitenote_note":"","_monsterinsights_sitenote_category":0,"_themeisle_gutenberg_block_has_review":false,"footnotes":""},"class_list":["post-425","page","type-page","status-publish","has-post-thumbnail","hentry"],"yoast_head":"<!-- This site is optimized with the Yoast SEO plugin v27.4 - https:\/\/yoast.com\/product\/yoast-seo-wordpress\/ -->\n<title>Homepage - JornadasAI2026<\/title>\n<meta name=\"description\" content=\"IX JORNADAS DE AUDITORES INTERNOSDE UNIVERSIDADES NACIONALES\" \/>\n<meta name=\"robots\" content=\"index, follow, max-snippet:-1, max-image-preview:large, max-video-preview:-1\" \/>\n<link rel=\"canonical\" href=\"https:\/\/congresos.unr.edu.ar\/jornadasai2026\/\" \/>\n<meta property=\"og:locale\" content=\"es_ES\" \/>\n<meta property=\"og:type\" content=\"article\" \/>\n<meta property=\"og:title\" content=\"IX Jornadas de Auditores Internos de Universidades Nacionales.\" \/>\n<meta property=\"og:description\" content=\"*IX JORNADAS DE AUDITORES INTERNOS DE UUNN*28\/05\/2026 - 29\/05\/2026Universidad Nacional de RosarioCIRCULAR N\u00b0 1https:\/\/congresos.unr.edu.ar\/jornadasai2026\/En este link se encuentra publicada la CIRCULAR N\u00b01 de nuestras IX Jornadas de Auditores Internos de Universidades Nacionales.Adem\u00e1s, encontrar\u00e1s el link al *FORMULARIO DE PRE-INSCRIPCI\u00d3N* que esperamos puedas completar hasta el d\u00eda 31\/03\/2026 a los efectos de ordenar la organizaci\u00f3n del evento.Quedamos a disposci\u00f3n ante cualquier duda o consulta, tanto por este medio como en la direcci\u00f3n de correo ixjornadasaaii@gmail.com\" \/>\n<meta property=\"og:url\" content=\"https:\/\/congresos.unr.edu.ar\/jornadasai2026\/\" \/>\n<meta property=\"og:site_name\" content=\"JornadasAI2026\" \/>\n<meta property=\"article:modified_time\" content=\"2026-03-25T15:37:45+00:00\" \/>\n<meta property=\"og:image\" content=\"https:\/\/congresos.unr.edu.ar\/jornadasai2026\/wp-content\/uploads\/sites\/8\/2026\/03\/WhatsApp-Image-2026-03-17-at-11.24.23.jpeg\" \/>\n\t<meta property=\"og:image:width\" content=\"1600\" \/>\n\t<meta property=\"og:image:height\" content=\"1543\" \/>\n\t<meta property=\"og:image:type\" content=\"image\/jpeg\" \/>\n<meta name=\"twitter:card\" content=\"summary_large_image\" \/>\n<meta name=\"twitter:title\" content=\"Sinaqo 2023\" \/>\n<meta name=\"twitter:description\" content=\"XXIV Simposio Nacional de Qu\u00edmica Org\u00e1nica.\" \/>\n<meta name=\"twitter:image\" content=\"https:\/\/congresos.unr.edu.ar\/jornadasai2026\/wp-content\/uploads\/sites\/8\/2023\/07\/cropped-sinaqologo4.png\" \/>\n<meta name=\"twitter:label1\" content=\"Tiempo de lectura\" \/>\n\t<meta name=\"twitter:data1\" content=\"2 minutos\" \/>\n<script type=\"application\/ld+json\" class=\"yoast-schema-graph\">{\"@context\":\"https:\\\/\\\/schema.org\",\"@graph\":[{\"@type\":\"WebPage\",\"@id\":\"https:\\\/\\\/congresos.unr.edu.ar\\\/jornadasai2026\\\/\",\"url\":\"https:\\\/\\\/congresos.unr.edu.ar\\\/jornadasai2026\\\/\",\"name\":\"Homepage - JornadasAI2026\",\"isPartOf\":{\"@id\":\"https:\\\/\\\/congresos.unr.edu.ar\\\/jornadasai2026\\\/#website\"},\"primaryImageOfPage\":{\"@id\":\"https:\\\/\\\/congresos.unr.edu.ar\\\/jornadasai2026\\\/#primaryimage\"},\"image\":{\"@id\":\"https:\\\/\\\/congresos.unr.edu.ar\\\/jornadasai2026\\\/#primaryimage\"},\"thumbnailUrl\":\"https:\\\/\\\/congresos.unr.edu.ar\\\/jornadasai2026\\\/wp-content\\\/uploads\\\/sites\\\/8\\\/2026\\\/03\\\/WhatsApp-Image-2026-03-17-at-11.24.23.jpeg\",\"datePublished\":\"2021-02-16T11:44:42+00:00\",\"dateModified\":\"2026-03-25T15:37:45+00:00\",\"description\":\"IX JORNADAS DE AUDITORES INTERNOSDE UNIVERSIDADES NACIONALES\",\"breadcrumb\":{\"@id\":\"https:\\\/\\\/congresos.unr.edu.ar\\\/jornadasai2026\\\/#breadcrumb\"},\"inLanguage\":\"es-AR\",\"potentialAction\":[{\"@type\":\"ReadAction\",\"target\":[\"https:\\\/\\\/congresos.unr.edu.ar\\\/jornadasai2026\\\/\"]}]},{\"@type\":\"ImageObject\",\"inLanguage\":\"es-AR\",\"@id\":\"https:\\\/\\\/congresos.unr.edu.ar\\\/jornadasai2026\\\/#primaryimage\",\"url\":\"https:\\\/\\\/congresos.unr.edu.ar\\\/jornadasai2026\\\/wp-content\\\/uploads\\\/sites\\\/8\\\/2026\\\/03\\\/WhatsApp-Image-2026-03-17-at-11.24.23.jpeg\",\"contentUrl\":\"https:\\\/\\\/congresos.unr.edu.ar\\\/jornadasai2026\\\/wp-content\\\/uploads\\\/sites\\\/8\\\/2026\\\/03\\\/WhatsApp-Image-2026-03-17-at-11.24.23.jpeg\",\"width\":1600,\"height\":1543},{\"@type\":\"BreadcrumbList\",\"@id\":\"https:\\\/\\\/congresos.unr.edu.ar\\\/jornadasai2026\\\/#breadcrumb\",\"itemListElement\":[{\"@type\":\"ListItem\",\"position\":1,\"name\":\"Inicio\",\"item\":\"https:\\\/\\\/congresos.unr.edu.ar\\\/jornadasai2026\\\/\"},{\"@type\":\"ListItem\",\"position\":2,\"name\":\"Homepage\"}]},{\"@type\":\"WebSite\",\"@id\":\"https:\\\/\\\/congresos.unr.edu.ar\\\/jornadasai2026\\\/#website\",\"url\":\"https:\\\/\\\/congresos.unr.edu.ar\\\/jornadasai2026\\\/\",\"name\":\"JornadasAI2026\",\"description\":\"JornadasAI2026\",\"publisher\":{\"@id\":\"https:\\\/\\\/congresos.unr.edu.ar\\\/jornadasai2026\\\/#organization\"},\"alternateName\":\"IX JORNADAS DE AUDITORES INTERNOS DE UNIVERSIDADES NACIONALES\",\"potentialAction\":[{\"@type\":\"SearchAction\",\"target\":{\"@type\":\"EntryPoint\",\"urlTemplate\":\"https:\\\/\\\/congresos.unr.edu.ar\\\/jornadasai2026\\\/?s={search_term_string}\"},\"query-input\":{\"@type\":\"PropertyValueSpecification\",\"valueRequired\":true,\"valueName\":\"search_term_string\"}}],\"inLanguage\":\"es-AR\"},{\"@type\":\"Organization\",\"@id\":\"https:\\\/\\\/congresos.unr.edu.ar\\\/jornadasai2026\\\/#organization\",\"name\":\"IX JORNADAS DE AUDITORES INTERNOS DE UNIVERSIDADES NACIONALES\",\"alternateName\":\"IX JORNADAS DE AUDITORES INTERNOS DE UNIVERSIDADES NACIONALES\",\"url\":\"https:\\\/\\\/congresos.unr.edu.ar\\\/jornadasai2026\\\/\",\"logo\":{\"@type\":\"ImageObject\",\"inLanguage\":\"es-AR\",\"@id\":\"https:\\\/\\\/congresos.unr.edu.ar\\\/jornadasai2026\\\/#\\\/schema\\\/logo\\\/image\\\/\",\"url\":\"https:\\\/\\\/congresos.unr.edu.ar\\\/jornadasai2026\\\/wp-content\\\/uploads\\\/sites\\\/8\\\/2026\\\/03\\\/WhatsApp-Image-2026-03-12-at-14.26.26.jpeg\",\"contentUrl\":\"https:\\\/\\\/congresos.unr.edu.ar\\\/jornadasai2026\\\/wp-content\\\/uploads\\\/sites\\\/8\\\/2026\\\/03\\\/WhatsApp-Image-2026-03-12-at-14.26.26.jpeg\",\"width\":975,\"height\":941,\"caption\":\"IX JORNADAS DE AUDITORES INTERNOS DE UNIVERSIDADES NACIONALES\"},\"image\":{\"@id\":\"https:\\\/\\\/congresos.unr.edu.ar\\\/jornadasai2026\\\/#\\\/schema\\\/logo\\\/image\\\/\"}}]}<\/script>\n<!-- \/ Yoast SEO plugin. -->","yoast_head_json":{"title":"Homepage - JornadasAI2026","description":"IX JORNADAS DE AUDITORES INTERNOSDE UNIVERSIDADES NACIONALES","robots":{"index":"index","follow":"follow","max-snippet":"max-snippet:-1","max-image-preview":"max-image-preview:large","max-video-preview":"max-video-preview:-1"},"canonical":"https:\/\/congresos.unr.edu.ar\/jornadasai2026\/","og_locale":"es_ES","og_type":"article","og_title":"IX Jornadas de Auditores Internos de Universidades Nacionales.","og_description":"*IX JORNADAS DE AUDITORES INTERNOS DE UUNN*28\/05\/2026 - 29\/05\/2026Universidad Nacional de RosarioCIRCULAR N\u00b0 1https:\/\/congresos.unr.edu.ar\/jornadasai2026\/En este link se encuentra publicada la CIRCULAR N\u00b01 de nuestras IX Jornadas de Auditores Internos de Universidades Nacionales.Adem\u00e1s, encontrar\u00e1s el link al *FORMULARIO DE PRE-INSCRIPCI\u00d3N* que esperamos puedas completar hasta el d\u00eda 31\/03\/2026 a los efectos de ordenar la organizaci\u00f3n del evento.Quedamos a disposci\u00f3n ante cualquier duda o consulta, tanto por este medio como en la direcci\u00f3n de correo ixjornadasaaii@gmail.com","og_url":"https:\/\/congresos.unr.edu.ar\/jornadasai2026\/","og_site_name":"JornadasAI2026","article_modified_time":"2026-03-25T15:37:45+00:00","og_image":[{"width":1600,"height":1543,"url":"https:\/\/congresos.unr.edu.ar\/jornadasai2026\/wp-content\/uploads\/sites\/8\/2026\/03\/WhatsApp-Image-2026-03-17-at-11.24.23.jpeg","type":"image\/jpeg"}],"twitter_card":"summary_large_image","twitter_title":"Sinaqo 2023","twitter_description":"XXIV Simposio Nacional de Qu\u00edmica Org\u00e1nica.","twitter_image":"https:\/\/congresos.unr.edu.ar\/jornadasai2026\/wp-content\/uploads\/sites\/8\/2023\/07\/cropped-sinaqologo4.png","twitter_misc":{"Tiempo de lectura":"2 minutos"},"schema":{"@context":"https:\/\/schema.org","@graph":[{"@type":"WebPage","@id":"https:\/\/congresos.unr.edu.ar\/jornadasai2026\/","url":"https:\/\/congresos.unr.edu.ar\/jornadasai2026\/","name":"Homepage - JornadasAI2026","isPartOf":{"@id":"https:\/\/congresos.unr.edu.ar\/jornadasai2026\/#website"},"primaryImageOfPage":{"@id":"https:\/\/congresos.unr.edu.ar\/jornadasai2026\/#primaryimage"},"image":{"@id":"https:\/\/congresos.unr.edu.ar\/jornadasai2026\/#primaryimage"},"thumbnailUrl":"https:\/\/congresos.unr.edu.ar\/jornadasai2026\/wp-content\/uploads\/sites\/8\/2026\/03\/WhatsApp-Image-2026-03-17-at-11.24.23.jpeg","datePublished":"2021-02-16T11:44:42+00:00","dateModified":"2026-03-25T15:37:45+00:00","description":"IX JORNADAS DE AUDITORES INTERNOSDE UNIVERSIDADES NACIONALES","breadcrumb":{"@id":"https:\/\/congresos.unr.edu.ar\/jornadasai2026\/#breadcrumb"},"inLanguage":"es-AR","potentialAction":[{"@type":"ReadAction","target":["https:\/\/congresos.unr.edu.ar\/jornadasai2026\/"]}]},{"@type":"ImageObject","inLanguage":"es-AR","@id":"https:\/\/congresos.unr.edu.ar\/jornadasai2026\/#primaryimage","url":"https:\/\/congresos.unr.edu.ar\/jornadasai2026\/wp-content\/uploads\/sites\/8\/2026\/03\/WhatsApp-Image-2026-03-17-at-11.24.23.jpeg","contentUrl":"https:\/\/congresos.unr.edu.ar\/jornadasai2026\/wp-content\/uploads\/sites\/8\/2026\/03\/WhatsApp-Image-2026-03-17-at-11.24.23.jpeg","width":1600,"height":1543},{"@type":"BreadcrumbList","@id":"https:\/\/congresos.unr.edu.ar\/jornadasai2026\/#breadcrumb","itemListElement":[{"@type":"ListItem","position":1,"name":"Inicio","item":"https:\/\/congresos.unr.edu.ar\/jornadasai2026\/"},{"@type":"ListItem","position":2,"name":"Homepage"}]},{"@type":"WebSite","@id":"https:\/\/congresos.unr.edu.ar\/jornadasai2026\/#website","url":"https:\/\/congresos.unr.edu.ar\/jornadasai2026\/","name":"JornadasAI2026","description":"JornadasAI2026","publisher":{"@id":"https:\/\/congresos.unr.edu.ar\/jornadasai2026\/#organization"},"alternateName":"IX JORNADAS DE AUDITORES INTERNOS DE UNIVERSIDADES NACIONALES","potentialAction":[{"@type":"SearchAction","target":{"@type":"EntryPoint","urlTemplate":"https:\/\/congresos.unr.edu.ar\/jornadasai2026\/?s={search_term_string}"},"query-input":{"@type":"PropertyValueSpecification","valueRequired":true,"valueName":"search_term_string"}}],"inLanguage":"es-AR"},{"@type":"Organization","@id":"https:\/\/congresos.unr.edu.ar\/jornadasai2026\/#organization","name":"IX JORNADAS DE AUDITORES INTERNOS DE UNIVERSIDADES NACIONALES","alternateName":"IX JORNADAS DE AUDITORES INTERNOS DE UNIVERSIDADES NACIONALES","url":"https:\/\/congresos.unr.edu.ar\/jornadasai2026\/","logo":{"@type":"ImageObject","inLanguage":"es-AR","@id":"https:\/\/congresos.unr.edu.ar\/jornadasai2026\/#\/schema\/logo\/image\/","url":"https:\/\/congresos.unr.edu.ar\/jornadasai2026\/wp-content\/uploads\/sites\/8\/2026\/03\/WhatsApp-Image-2026-03-12-at-14.26.26.jpeg","contentUrl":"https:\/\/congresos.unr.edu.ar\/jornadasai2026\/wp-content\/uploads\/sites\/8\/2026\/03\/WhatsApp-Image-2026-03-12-at-14.26.26.jpeg","width":975,"height":941,"caption":"IX JORNADAS DE AUDITORES INTERNOS DE UNIVERSIDADES NACIONALES"},"image":{"@id":"https:\/\/congresos.unr.edu.ar\/jornadasai2026\/#\/schema\/logo\/image\/"}}]}},"_links":{"self":[{"href":"https:\/\/congresos.unr.edu.ar\/jornadasai2026\/wp-json\/wp\/v2\/pages\/425","targetHints":{"allow":["GET"]}}],"collection":[{"href":"https:\/\/congresos.unr.edu.ar\/jornadasai2026\/wp-json\/wp\/v2\/pages"}],"about":[{"href":"https:\/\/congresos.unr.edu.ar\/jornadasai2026\/wp-json\/wp\/v2\/types\/page"}],"author":[{"embeddable":true,"href":"https:\/\/congresos.unr.edu.ar\/jornadasai2026\/wp-json\/wp\/v2\/users\/3"}],"replies":[{"embeddable":true,"href":"https:\/\/congresos.unr.edu.ar\/jornadasai2026\/wp-json\/wp\/v2\/comments?post=425"}],"version-history":[{"count":7,"href":"https:\/\/congresos.unr.edu.ar\/jornadasai2026\/wp-json\/wp\/v2\/pages\/425\/revisions"}],"predecessor-version":[{"id":1761,"href":"https:\/\/congresos.unr.edu.ar\/jornadasai2026\/wp-json\/wp\/v2\/pages\/425\/revisions\/1761"}],"wp:featuredmedia":[{"embeddable":true,"href":"https:\/\/congresos.unr.edu.ar\/jornadasai2026\/wp-json\/wp\/v2\/media\/1669"}],"wp:attachment":[{"href":"https:\/\/congresos.unr.edu.ar\/jornadasai2026\/wp-json\/wp\/v2\/media?parent=425"}],"curies":[{"name":"wp","href":"https:\/\/api.w.org\/{rel}","templated":true}]}}